+ 110010001?
-100001000000
In base 7, what is -23 - -114260?
114234
In base 9, what is -12 + -15673?
-15685
In base 8, what is 2772 - 14?
2756
In base 5, what is 4120443 - -3?
4121001
In base 14, what is -3010a - 4?
-30110
In base 6, what is -3 - 514213?
-514220
In base 9, what is 11 + -6063?
-6052
In base 3, what is 11 + 202010122222?
202010200010
In base 7, what is 154 - -5633?
6120
In base 4, what is 201 - 113102?
-112301
In base 10, what is 4 - 39481?
-39477
In base 10, what is 0 - -35735?
35735
In base 8, what is 10531 - 4?
10525
In base 2, what is 1001001001100 + -11?
1001001001001
In base 10, what is -1 - -12781?
12780
In base 16, what is f + c1c4?
c1d3
In base 8, what is -10 - 7224?
-7234
In base 14, what is 2 - -1a535?
1a537
In base 16, what is -5 + b17d8?
b17d3
In base 15, what is 2c5 - 198?
12c
In base 4, what is -2 + 1313000?
1312332
In base 13, what is -846 - -b?
-838
In base 5, what is -110 - 400432?
-401042
In base 8, what is 12 + -37526?
-37514
In base 8, what is -14401 + -10?
-14411
In base 3, what is 101 - -20001122112?
20001122220
In base 11, what is 4145 + -14?
4131
In base 16, what is -dc + -2c7?
-3a3
In base 10, what is 134 - 25633?
-25499
In base 4, what is 11 + -112220133?
-112220122
In base 12, what is -57 + -991?
-a28
In base 12, what is 2706 + -a?
26b8
In base 7, what is -1106 + -264?
-1403
In base 11, what is -14aa + 5a5?
-a05
In base 4, what is 1133 + 231332?
233131
In base 13, what is 107a63 - -2?
107a65
In base 7, what is 460 - 315?
142
In base 14, what is 319ca + -d?
319bb
In base 10, what is -263 + -1020?
-1283
In base 16, what is -54e7 + 1?
-54e6
In base 16, what is 14 + -708?
-6f4
In base 2, what is 11110110 + -1000011110001?
-111111111011
In base 5, what is 22 - -2134322?
2134344
In base 6, what is 4 - 242022?
-242014
In base 10, what is -715 + -197?
-912
In base 7, what is -4 + 31323?
31316
In base 5, what is -2 - -213300?
213243
In base 16, what is 6b78 + d?
6b85
In base 13, what is 28055 + 8?
28060
In base 11, what is -10473 + 60?
-10413
In base 2, what is 10101001101 + -10010011?
10010111010
In base 8, what is -1 + -16767?
-16770
In base 5, what is -120 + 2304?
2134
In base 9, what is -285 + -18?
-314
In base 3, what is -2 + 100210022?
100210020
In base 7, what is 5316 - 1?
5315
In base 4, what is -2122331033 - 11?
-2122331110
In base 2, what is -1000011 + 1101001111101100?
1101001110101001
In base 14, what is -9c + -1808?
-18a6
In base 8, what is -3 - 10514?
-10517
In base 4, what is -200 + 302?
102
In base 5, what is -1404 - -132?
-1222
In base 8, what is -54 + 143437?
143363
In base 15, what is 50 + e43?
e93
In base 15, what is -9cdd - -9?
-9cd4
In base 14, what is 50ba - 4?
50b6
In base 9, what is -7 - 2825?
-2833
In base 9, what is 2 - 283748?
-283746
In base 14, what is -35 - 8772?
-87a7
In base 12, what is 2 - 26096?
-26094
In base 13, what is 22 - -345b?
3480
In base 13, what is 49b + -2b8?
1b3
In base 2, what is -1001110101010 + -101011110?
-1010100001000
In base 15, what is -3e6b - 98?
-4014
In base 3, what is 12 + -11000120001?
-11000112212
In base 16, what is -bc63 + -9?
-bc6c
In base 4, what is 231 - -320?
1211
In base 5, what is 3404 + 223?
4132
In base 14, what is 137 - 2952?
-2819
In base 8, what is -152473 + -2?
-152475
In base 16, what is 1 + -1e75c?
-1e75b
In base 9, what is 305754 - -2?
305756
In base 3, what is -111002000 + 1?
-111001222
In base 3, what is 10011221 + 2002?
10021000
In base 11, what is -3 - -769909?
769906
In base 8, what is 355321 - -4?
355325
In base 6, what is -1251 - -4?
-1243
In base 14, what is -5d4 + -d56?
-154a
In base 10, what is 1441 + -74?
1367
In base 16, what is -16ea5 + 4?
-16ea1
In base 12, what is 227 + 825?
a50
In base 4, what is 213203 - 321?
212222
In base 8, what is -302 - 43?
-345
In base 8, what is -45 + -2131?
-2176
In base 9, what is 8 + -17640?
-17631
In base 12, what is 7456b - -3?
74572
In base 14, what is -8c9833 - 5?
-8c9838
In base 10, what is 73 - 1220?
-1147
In base 7, what is -105261 - -136?
-105122
In base 11, what is -19 - 607?
-625
In base 5, what is 23 + 13131022?
13131100
In base 7, what is 2 - -15600631?
15600633
In base 12, what is 1 + -6a2?
-6a1
In base 16, what is 131d4 + -3?
131d1
In base 7, what is 1244 - -52?
1326
In base 4, what is -100103000 + -10?
-100103010
In base 6, what is 2140435 - -123?
2141002
In base 16, what is 1 - -d35?
d36
In base 14, what is -42247 + 1?
-42246
In base 7, what is -1546 - -3465?
1616
In base 16, what is 1568e3 + 0?
1568e3
In base 5, what is -213040 + 10?
-213030
In base 15, what is -4a5a - 258?
-4cb3
In base 14, what is -3 + 17ad12?
17ad0d
In base 11, what is -20903 - -187?
-20727
In base 16, what is -5 - -1ec43?
1ec3e
In base 14, what is -5 + ba73?
ba6c
In base 5, what is 0 + 13333012?
13333012
In base 7, what is -22344 + -3?
-22350
In base 3, what is -1012 + 222101?
221012
In base 12, what is 74895 - -1?
74896
In base 7, what is 2 - -3161146?
3161151
In base 14, what is -7 + 1798b?
17984
In base 11, what is 78 - 1079?
-1001
In base 8, what is -6 + -126074?
-126102
In base 7, what is 46155 - 1?
46154
In base 9, what is -1113 + -288?
-1412
In base 4, what is 201 - -2103030?
2103231
In base 3, what is 10011011020020 + 10?
10011011020100
In base 16, what is a0c + -a9?
963
In base 4, what is 1021 + -131330?
-130303
In base 2, what is 1110110110011 - -1001?
1110110111100
In base 5, what is 410 + -2331?
-1421
In base 15, what is -129 + -531?
-65a
In base 14, what is d + -4162?
-4153
In base 4, what is 3 + 302111131?
302111200
In base 3, what is 2211111 - -122?
2212010
In base 15, what is 74 + a08?
a7c
In base 13, what is 21 - -60b?
62c
In base 13, what is -1a7 - 76?
-250
In base 9, what is -3337 + 2003?
-1334
In base 10, what is 7446 - 2?
7444
In base 10, what is -240304 + -1?
-240305
In base 12, what is -4265 + -a3?
-4348
In base 4, what is -301322 - -120?
-301202
In base 9, what is -16 + -71203?
-71220
In base 2, what is -101 + 110101010001?
110101001100
In base 10, what is 40447 + 9?
40456
In base 13, what is 1c78 - 7?
1c71
In base 13, what is -9cc + -199?
-b98
In base 12, what is 3 - 28931?
-2892a
In base 11, what is 1 - 213465?
-213464
In base 11, what is -263a6 - -13?
-26393
In base 12, what is 2039b - -1?
203a0
In base 16, what is 2515a4 + 4?
2515a8
In base 16, what is 8e - -f?
9d
In base 8, what is -33300 + 65?
-33213
In base 6, what is -541300143 + 1?
-541300142
In base 10, what is 271 + -14994?
-14723
In base 13, what is 28616 - -1?
28617
In base 16, what is -2 - -7a7d?
7a7b
In base 8, what is -2572267 + 1?
-2572266
In base 9, what is 8 - -15575?
15584
In base 11, what is 63 + 1296?
1349
In base 16, what is 7090 - -1b?
70ab
In base 7, what is 4 - 21045?
-21041
In base 9, what is 618 - 68?
540
In base 11, what is -34 + -834?
-868
In base 2, what is 1001000001101011101 - -101?
1001000001101100010
In base 10, what is -4628 + -4?
-4632
In base 10, what is 320813 - 5?
320808
In base 9, what is -5404 + -10?
-5414
In base 5, what is 343143 + 4?
343202
In base 14, what is -4 + 782?
77c
In base 3, what is 12120 - -1221?
21111
In base 11, what is 3 - -824a?
8252
In base 2, what is -1011011110011 + -111100100?
-1100011010111
In base 3, what is -1021000 - 100110?
-1121110
In base 3, what is 1 - -1000002002?
1000002010
In base 9, what is -77 - -2303?
2215
In base 11, what is -96086 - 5?
-96090
In base 9, what is 1226 + 18?
1245
In base 13, what is 200898 + 3?
20089b
In base 8, what is -60631 + -4?
-60635
In base 10, what is -295860 - -16?
-295844
In base 11, what is 326 - 1768?
-1442
In base 8, what is 10 + 151346?
151356
In base 12, what is b + -668?
-659
In base 13, what is 3909 - 8?
3901
In base 5, what is -1241022031 + 10?
-1241022021
In base 8, what is 2264526 - -5?
2264533
In base 12, what is 2a072 - -4?
2a076
In base 16, what is -19cf54 - 0?
-19cf54
In base 15, what is -187 + -2cb?
-463
In base 7, what is 2511034 + -4?
2511030
In base 13, what is -44 + 79?
35
In base 5, what is -1401201 - 3?
-1401204
In base 8, what is 102 + -6654?
-6552
In base 5, what is 1033 - 400211?
-344123
In base 12, what is -2ab - -39?
-272
In base 4, what is 3111 - -12111?
21222
In base 14, what is 75 + 15c4?
1659
In base 16, what is -5243b5 - -5?
-5243b0
In base 15, what is -229 - -4?
-225
In base 14, what is -c9 